-15
Let x = -47647 - -47650. Let z(k) be the first derivative of -k + 4/3*k**x - 51 + 0*k**2. Determine z(1).
3
Let s be 3 - (-3 - -10) - -1. Let r(c) = -2*c**3 - 13*c**2 - 14*c + 40. Let f(u) = u**3 + 6*u**2 + 6*u - 18. Let o(m) = 9*f(m) + 4*r(m). Calculate o(s).
-5
Let r be (-5)/(15/6) - -4. Suppose r*a + 8 + 4 = 0. Let x(b) = -3*b + 17. Let m(l) = 2*l - 12. Let c(j) = 4*m(j) + 3*x(j). Calculate c(a).
9
Suppose -5*i = -0*i - 5. Let h(x) be the third derivative of -x**4/24 + 2099*x**2. Give h(i).
-1
Let m(s) = 6*s + 134. Suppose -530*c + 5390 = 17050. Determine m(c).
2
Let f be (-44)/2*(3 - (12 - 8)). Suppose f*d = 20*d - 8. Let n(m) = 3*m + 4. Give n(d).
-8
Let g be (3 - (7 - 3))*-27. Let m(c) = c**2 + c**2 - 26*c - g*c - 27*c + 76*c + 2. Let y(q) = -q**2 - 3*q + 1. Let s be y(-2). What is m(s)?
8
Let s(a) = -18*a**2 + 24*a**2 - 86*a + a**3 + 3 + 85*a. What is s(-4)?
39
Let i(c) = -c**3 - 3*c**2 + 4919 - 4922 + 2*c**3. Suppose -3*s - 3*q + 4*q = -8, 0 = -2*s + 5*q + 14. Suppose 0 = s*t - 8 + 2. Give i(t).
-3
Let m(b) = -6*b - 1154*b**2 + 5*b + 2*b + 1153*b**2 + 4 + 6*b. Let i be 62/8 - 1/(-4). Let w be 2/((-14)/i - -2). What is m(w)?
-4
Let k(t) be the third derivative of t**5/5 + 71*t**4/24 - 2*t**3/3 - 36*t**2 - 2*t - 2. What is k(-6)?
2
Let f(t) = -t**3 + 2*t**2 + 1. Let u(h) = -2*h**3 + 9*h**2 - 3*h + 9. Let k(x) = 3*f(x) - u(x). Determine k(-4).
-2
Let v(g) = -13 + 10375333*g + g**2 - 2 - 10375329*g. Determine v(0).
-15
Suppose 9*w - 11*w = 5*h - 21, 2*w = 2*h. Let q(k) = -3*k + 8*k**2 - 2*k**2 - k**w + 5*k**3 - 3*k**3 + 1. Calculate q(-6).
19
Let n be (-3)/4 + 45/12. Let v be (3/(-9))/(n/54). Let g(r) = -r**2 - 5*r + 2. Determine g(v).
-4
Let i(c) = -2*c**2 + 51*c - 69. Let r be i(24). Let z(m) = m + 6 + 16*m**2 + 23*m**3 - 22*m**r - 17*m**2. Give z(0).
6
Let q(o) = 7*o + 2. Let r(i) = -21*i + 18. Let x be r(3). Let n = -37 - x. Let d(h) = -h + 10. Let c be d(n). Determine q(c).
16
Let v(q) = q**3 - 6*q**2 - 8*q + 7. Let l be 264/990 - (-344)/60. Determine v(l).
-41
Let u(l) = -5*l**2 - 2 - 65*l + 4 + 126*l - 1 - 63*l + 13*l**3. Determine u(-1).
-15
Let d(b) = b**3 - 8*b**2 - 19*b. Suppose -99 + 251 = 19*u. Suppose -s = 2*j - u, -8*j + 55 = 5*s - 13*j. Give d(s).
10
Suppose 24*a = 29*a + 1375. Let l = a + 270. Let n(u) = -u**3 - 6*u**2 - 7*u - 6. Determine n(l).
4
Let c(w) = 4*w**3 + 3*w**2 - 10*w + 10. Let v(d) = -d**3 - d**2 + 3*d - 3. Let u(k) = -2*c(k) - 7*v(k). Let t be 0/(1/1 + -2). Give u(t).
1
Let x(o) = -46*o - 2*o + 22*o + 26 - 8*o + 78. Determine x(3).
2
Let j(l) = l**2 - 6*l + 2. Let g(m) = 9*m - 4*m - 5 + m**2 + 4*m + 6. Let q be g(-8). Let i(a) = -4*a - 21. Let p be i(q). Give j(p).
9
Let m(d) be the second derivative of d**3/6 + 5*d**2 + 6*d + 2. Suppose 58 = -5*h - 4*b + 5*b, 0 = 2*b - 6. Give m(h).
-1
Let c = -111 - -113. Let i(k) = -3 + 0 - 2 + 6 + 4*k + c*k. Calculate i(6).
37
Let d(l) = 5*l**3 + 2*l**2 - 5*l + 2. Let t be 2/(-9) - (-23)/((-4140)/(-220)). Determine d(t).
4
Let s(w) = 2*w**2 - 17*w + 5. Let v = 16704 - 16698. Determine s(v).
-25
Let m(u) = u - 4. Let l be m(6). Let p(j) = -9*j**2 - 8 + 22 - 9 - 1 + 2*j**2 - 6. Determine p(l).
-30
Let h(l) = -153*l**3 - 11*l**2 - 23*l - 21. Let z(i) = 71*i**3 + 5*i**2 + 11*i + 10. Let y(k) = -6*h(k) - 13*z(k). Calculate y(-1).
7
Let i(m) = -7*m - 47. Let r(v) = v**2 + 45*v - 313. Let y be r(6). What is i(y)?
2
Let t be ((-198)/(-429))/((-3)/(-26)). Let n(i) = -i - 11. Give n(t).
-15
Let l(j) = j**2 - 9*j + 1. Let o be 9/(-6) - (-55)/10. Let d be (8/6)/o - (-4)/6. Let x be (1 + 2/d)*(-10)/(-5). Determine l(x).
-17
Let s(t) be the third derivative of -t**6/60 - 7*t**5/30 - 2*t**4/3 - 13*t**3/3 + 573*t**2. What is s(-6)?
-2
Let m(r) be the third derivative of -7*r**4/4 - 5*r**3/6 - 2*r**2 + 323. Calculate m(1).
-47
Let i(k) = 20*k**2 - 4*k. Let d be i(2). Let f = d - 68. Let l(a) = 4*a**3 - 20*a - f*a**3 - 3*a**3 + 22*a + 2. Calculate l(-2).
22
Let k be (1/(-5))/(38/(-6270)*11). Let v(a) be the second derivative of 0*a**k - 1/12*a**4 - 23*a + 3/2*a**2 + 0. Calculate v(3).
-6
Suppose 5*m - 3 + 19 = -4*h, -3*h - 5 = 2*m. Let r(w) = -1577*w + 1 + 1595*w - 1. Determine r(h).
18
Let m(o) = 6*o - 155. Let q be m(28). Let f(t) = 5*t**2 - t - 8 + 0*t + 9*t**2 - q*t**2. Calculate f(-3).
4
Let v(o) = o + 2. Suppose -5*f + 140 = -4*t, -2*t = 3*f - 56 - 6. Let x be ((-97)/3 - -1)*f/(-16). Suppose 4*j + 0*j - 4 = -m, x = -4*m + 5*j. Give v(m).
-6
Let x(h) = -9*h**3 - 3*h**2 + 3*h. Let a(r) = -r**2 + r. Suppose 3*m = 5*y - 12, -3*m = 4*y - 10 + 22. Let k(s) = m*a(s) + x(s). Calculate k(1).
-9
Suppose -20 + 11 = -3*v. Let g(c) = 37*c + 4 + 26*c - 26*c - v. Calculate g(-1).
-36
Let y = 2080 - 2079. Let f(u) = 2*u**3 + u**2 + u - 1. Let v be f(1). Suppose -n - v = -y. Let w(c) = -5*c**2 - 2*c - 2. What is w(n)?
-18
Let y(z) = 4*z + 65. Let n(r) = -95*r + 2737. Let a be n(29). Give y(a).
-7
Let q(t) = t + 9. Let i be (-9 + 210/12)/(2*3/12). Calculate q(i).
26
Let b(w) = 85*w**3 + 3*w**2 + 3*w - 8. Let j(d) = 2*d**2 + 2*d - 5. Let u(s) = -b(s) + 2*j(s). Determine u(1).
-85
Let h(s) = -4*s**2 + 2*s. Let z(o) = -3*o**3 - 21*o**2 - 16*o + 10. Suppose 3*v + 2 + 16 = 0. Let n be z(v). Calculate h(n).
-20
Let y(c) be the first derivative of c**5/60 - 5*c**4/24 + 32*c**3/3 + c**2 + 73. Let w(r) be the third derivative of y(r). Give w(3).
1
Let o(k) = k**3 - 4*k**2 - 2*k - 18. Let s = 36729 + -36723. Give o(s).
42
Suppose -81*g + 86*g - 23 = 4*l, -5*l - 19 = -3*g. Let m(v) = 17*v + 31. Determine m(l).
-3
Let f(w) = w**3 + 5*w**2 - 13*w + 8. Let u be f(-7). Suppose u = -5*c + 4*c - 2*t, 0 = 5*c + t - 31. Let x(p) = p**3 - 8*p**2 + 6*p + 9. Calculate x(c).
2
Let y(k) = -k**2 + 2*k. Suppose -9*u = 14*u - 575. Suppose -14*t + 1 = -15*t - w, w + u = 5*t. What is y(t)?
-8
Let w(y) = -y**2 - 11*y + 2. Let m(k) = -k**3 - 34*k**2 + 35*k - 11. Let o = -335 - -300. Let l be m(o). Give w(l).
2
Let k = 140 + -700. Let r = k + 547. Let m(w) be the third derivative of w**6/120 + 13*w**5/60 - 5*w**3/6 - w**2. Calculate m(r).
-5
Let x(w) = -8 + 20 + 8 - w**2 + 18*w + 20*w - 45*w + 6*w. Suppose -3*f = -u, -f - 4*u = -3*f. Determine x(f).
20
Let y(a) = -16*a + 17. Let h(j) = 32*j - 42. Let t(p) = -2*h(p) - 5*y(p). Suppose 0 = -2*f - 6 + 8. Determine t(f).
15
Let y = 606 - 607. Let o(n) = -35*n + 7. Let v(z) = 18*z - 3. Let d(g) = -2*o(g) - 5*v(g). Determine d(y).
21
Let q(f) be the first derivative of -f**4/4 + 2*f**3 - 5*f**2/2 - 4*f + 874. Calculate q(6).
-34
Let w(u) = -14*u + 7. Let o(q) = -10*q + 6. Suppose -3*v + v + h + 8 = 0, 4 = v + 2*h. Let i(m) = v*w(m) - 5*o(m). Suppose -6 = 3*r - 0. What is i(r)?
10
Let n be 0/(8/(-12)*3). Let h(s) = -s**3 + 5 - 2051566*s**2 - s + 2051566*s**2. Determine h(n).
5
Let c(u) = -u**2 + 9*u - 4. Suppose 9 = 13*w - 56. Suppose 2*v - 3*o - 22 = 0, v = 3*v + w*o - 6. Calculate c(v).
4
Let d(g) = g**2 - 6*g + 6. Let j(i) = -i**3 + 5*i**2 + 2*i - 11. Let f be j(5). Let n be f - (1 + 20/(-4)). Suppose 7 + 11 = n*x. Determine d(x).
6
Let q(x) = x**2 + 0*x + 18 + 19 - 15 - 6*x. Give q(7).
29
Let x(k) = 10 + 7 - 15 + k. Let y(b) = 32*b - 184. Let z be y(6). What is x(z)?
10
Suppose 2*u - 4*d = 20, -u + 5*d = -15 - 7. Let p(o) = 72*o**u - 4*o - 7 - 4*o - 73*o**2. Let m be (4 - 3)*(-7 - -1). Give p(m).
5
Let f(g) be the third derivative of -g**5/60 + 31*g**4/24 - g**3 - 1119*g**2. What is f(0)?
-6
Let i be 1212/(-72) - 1/6. Let d(l) = -l**2 - 17*l - 3. Give d(i).
-3
Let r(h) = 1956*h**2 - 16 - 970*h**2 - 7*h - 985*h**2 - 17. Calculate r(10).
-3
Let s(x) = 96 + 120265*x + 120265*x - 240518*x. What is s(-8)?
0
Let x(g) = 17974 - g**3 + 6*g**2 - 17977 - 2*g + 0*g**3. Calculate x(4).
21
Let z(j) = 2*j**2 - 30*j - 180. Let p be z(28). Let d(u) = -14*u**3 - 547 - 3*u**2 - u + p + 3*u**2. Calculate d(1).
-14
Let u(t) = t**3 - 10*t**2 + 5*t - 12. Let r be (-8694)/(-972) - (-1)/18. What is u(r)?
-48
Let m(c) = 6*c - 26. Let a be 12 - (2 + 12 + -21). Determine m(a).
88
Let n(w) = -w**2 + 3. Let g be (-18)/9 + -1*(-4 + 2). Calculate n(g).
3
Let j = 100 + -95. Suppose u = 2*h - 29, -j*u + 23 = 5*h - 12. Let d(o) = -o**3 + 12*o**2 + o - 12. Determine d(h).
0
Let f(n) = -6*n + 70. Let b(j) = 17*j**2 - 1240*j - 65. Let q be b(73). Give f(q).
22
Let k be (-483)/35 - 2/10 - 1. Let d(h) = 2*h + 32. L